{"id":211,"date":"2024-06-17T15:02:33","date_gmt":"2024-06-17T18:02:33","guid":{"rendered":"https:\/\/www.casadocaminhoananias.org.br\/site-2024\/?page_id=211"},"modified":"2025-01-31T11:09:29","modified_gmt":"2025-01-31T14:09:29","slug":"historia","status":"publish","type":"page","link":"https:\/\/www.casadocaminhoananias.org.br\/site-2024\/historia\/","title":{"rendered":"Hist\u00f3ria"},"content":{"rendered":"<p>[et_pb_section fb_built=&#8221;1&#8243; _builder_version=&#8221;4.25.1&#8243; _module_preset=&#8221;default&#8221; background_color=&#8221;gcid-6156b3d8-6c11-4884-a7ce-8b3d14e5045e&#8221; global_colors_info=&#8221;{%22gcid-6156b3d8-6c11-4884-a7ce-8b3d14e5045e%22:%91%22background_color%22%93}&#8221;][et_pb_row _builder_version=&#8221;4.25.1&#8243; _module_preset=&#8221;default&#8221; global_colors_info=&#8221;{}&#8221;][et_pb_column type=&#8221;4_4&#8243; _builder_version=&#8221;4.25.1&#8243; _module_preset=&#8221;default&#8221; background_enable_image=&#8221;off&#8221; background_size=&#8221;initial&#8221; background_position=&#8221;bottom_left&#8221; background_horizontal_offset=&#8221;0%&#8221; background_vertical_offset=&#8221;21px&#8221; custom_padding=&#8221;|||20px|false|false&#8221; global_colors_info=&#8221;{}&#8221;][et_pb_text _builder_version=&#8221;4.25.1&#8243; _module_preset=&#8221;default&#8221; text_font=&#8221;Abril Fatface||||||||&#8221; text_text_color=&#8221;gcid-dcd3b076-21aa-447c-8618-785c2f9b9144&#8243; text_font_size=&#8221;42px&#8221; text_line_height=&#8221;60px&#8221; text_font_size_tablet=&#8221;36px&#8221; text_font_size_phone=&#8221;32px&#8221; text_font_size_last_edited=&#8221;on|phone&#8221; global_colors_info=&#8221;{%22gcid-dcd3b076-21aa-447c-8618-785c2f9b9144%22:%91%22text_text_color%22%93}&#8221;]<img loading=\"lazy\" decoding=\"async\" src=\"https:\/\/www.casadocaminhoananias.org.br\/site-2024\/wp-content\/uploads\/2024\/06\/icone-historia-g.png\" width=\"68\" height=\"68\" alt=\"\" class=\"wp-image-218 alignnone size-full\" \" style=\"margin: 0 0 -20px 10px;max-width:70px;\"\/><img loading=\"lazy\" decoding=\"async\" src=\"https:\/\/www.casadocaminhoananias.org.br\/site-2024\/wp-content\/uploads\/2024\/06\/icone-voluntariado.png\" width=\"142\" height=\"22\" alt=\"\" class=\"wp-image-177 alignnone size-full\" style=\"margin: 0 10px;\"\/> Nossa hist\u00f3ria[\/et_pb_text][\/et_pb_column][\/et_pb_row][\/et_pb_section][et_pb_section fb_built=&#8221;1&#8243; _builder_version=&#8221;4.25.1&#8243; _module_preset=&#8221;default&#8221; background_color=&#8221;gcid-582ca210-a3c8-4c48-98ba-0d781ea0439e&#8221; background_image=&#8221;https:\/\/www.casadocaminhoananias.org.br\/site-2024\/wp-content\/uploads\/2024\/06\/home-sobre-nos-fundo.jpg&#8221; custom_margin=&#8221;0px||0px||true|false&#8221; custom_padding=&#8221;||||true|false&#8221; global_colors_info=&#8221;{%22gcid-582ca210-a3c8-4c48-98ba-0d781ea0439e%22:%91%22background_color%22%93}&#8221;][et_pb_row _builder_version=&#8221;4.25.1&#8243; _module_preset=&#8221;default&#8221; global_colors_info=&#8221;{}&#8221;][et_pb_column type=&#8221;4_4&#8243; _builder_version=&#8221;4.25.1&#8243; _module_preset=&#8221;default&#8221; global_colors_info=&#8221;{}&#8221;][et_pb_text _builder_version=&#8221;4.25.1&#8243; _module_preset=&#8221;default&#8221; text_font=&#8221;Barlow||||||||&#8221; text_text_color=&#8221;gcid-f5dabe79-5125-4bf1-aff8-54be08360c8a&#8221; text_orientation=&#8221;center&#8221; module_alignment=&#8221;left&#8221; global_colors_info=&#8221;{%22gcid-f5dabe79-5125-4bf1-aff8-54be08360c8a%22:%91%22text_text_color%22%93}&#8221;]No in\u00edcio da d\u00e9cada de 1990, a fam\u00edlia da nossa fundadora, Dona Terezinha Gamba Pafundi, realizava um trabalho de assist\u00eancia \u00e0s fam\u00edlias carentes do munic\u00edpio de Santo Andr\u00e9\/SP, distribuindo cestas b\u00e1sicas. Sua filosofia de vida era o ensinamento de Cristo que pregava: \u201cFora da caridade n\u00e3o h\u00e1 salva\u00e7\u00e3o\u201d. <\/p>\n<p>Visitando as fam\u00edlias atendidas, os volunt\u00e1rios identificaram que existiam idosas acamadas, que, por viverem em situa\u00e7\u00e3o econ\u00f4mica prec\u00e1ria, n\u00e3o dispunham do devido cuidado, tendo, assim, uma baix\u00edssima qualidade de vida.<\/p>\n<p>A vontade de mudar essa realidade logo aflorou. Durante uma visita ao Centro Esp\u00edrita Chico Xavier, Dona Terezinha encontrou um empres\u00e1rio do munic\u00edpio, exp\u00f4s a condi\u00e7\u00e3o daquelas idosas e pediu ajuda para acolh\u00ea-las. Ele, ent\u00e3o, a convidou para conhecer um trabalho semelhante que realizava na institui\u00e7\u00e3o Casa do Tio Oscar, no centro de Santo Andr\u00e9. <\/p>\n<p>Ao se certificar de que o desejo e a voca\u00e7\u00e3o de Dona Terezinha eram realmente cuidar de idosos, o empres\u00e1rio comprou uma casa na Vila Helena e cedeu o espa\u00e7o para o desenvolvimento do projeto. Nascia ali a Casa do Caminho Ananias, atendendo, inicialmente, oito idosas acamadas, oriundas de situa\u00e7\u00e3o de risco e\/ou de vulnerabilidade social.<\/p>\n<p>Com o passar do tempo, identificamos tamb\u00e9m a necessidade de trabalhar o fortalecimento de v\u00ednculos familiares de crian\u00e7as e adolescentes. Iniciamos essa atua\u00e7\u00e3o, que foi mantida por mais de uma d\u00e9cada. No entanto, dificuldades financeiras, agravadas pela pandemia, levaram ao encerramento das atividades desse ramo.<\/p>\n<p>Atualmente, a institui\u00e7\u00e3o atende 47 idosas e tem seu trabalho reconhecido e valorizado na cidade de Santo Andr\u00e9 e regi\u00e3o.[\/et_pb_text][\/et_pb_column][\/et_pb_row][\/et_pb_section]<\/p>\n","protected":false},"excerpt":{"rendered":"","protected":false},"author":1,"featured_media":0,"parent":0,"menu_order":0,"comment_status":"closed","ping_status":"closed","template":"","meta":{"_et_pb_use_builder":"on","_et_pb_old_content":"","_et_gb_content_width":"","footnotes":""},"class_list":["post-211","page","type-page","status-publish","hentry"],"yoast_head":"<!-- This site is optimized with the Yoast SEO plugin v22.8 - https:\/\/yoast.com\/wordpress\/plugins\/seo\/ -->\n<title>Hist\u00f3ria - Casa Anannias<\/title>\n<meta name=\"robots\" content=\"noindex, follow, max-snippet:-1, max-image-preview:large, max-video-preview:-1\" \/>\n<meta property=\"og:locale\" content=\"pt_BR\" \/>\n<meta property=\"og:type\" content=\"article\" \/>\n<meta property=\"og:title\" content=\"Hist\u00f3ria - Casa Anannias\" \/>\n<meta property=\"og:url\" content=\"https:\/\/www.casadocaminhoananias.org.br\/site-2024\/historia\/\" \/>\n<meta property=\"og:site_name\" content=\"Casa Anannias\" \/>\n<meta property=\"article:modified_time\" content=\"2025-01-31T14:09:29+00:00\" \/>\n<meta property=\"og:image\" content=\"https:\/\/www.casadocaminhoananias.org.br\/site-2024\/wp-content\/uploads\/2024\/06\/icone-historia-g.png\" \/>\n<meta name=\"twitter:card\" content=\"summary_large_image\" \/>\n<meta name=\"twitter:label1\" content=\"Est. tempo de leitura\" \/>\n\t<meta name=\"twitter:data1\" content=\"2 minutos\" \/>\n<script type=\"application\/ld+json\" class=\"yoast-schema-graph\">{\"@context\":\"https:\/\/schema.org\",\"@graph\":[{\"@type\":\"WebPage\",\"@id\":\"https:\/\/www.casadocaminhoananias.org.br\/site-2024\/historia\/\",\"url\":\"https:\/\/www.casadocaminhoananias.org.br\/site-2024\/historia\/\",\"name\":\"Hist\u00f3ria - Casa Anannias\",\"isPartOf\":{\"@id\":\"https:\/\/www.casadocaminhoananias.org.br\/site-2024\/#website\"},\"primaryImageOfPage\":{\"@id\":\"https:\/\/www.casadocaminhoananias.org.br\/site-2024\/historia\/#primaryimage\"},\"image\":{\"@id\":\"https:\/\/www.casadocaminhoananias.org.br\/site-2024\/historia\/#primaryimage\"},\"thumbnailUrl\":\"https:\/\/www.casadocaminhoananias.org.br\/site-2024\/wp-content\/uploads\/2024\/06\/icone-historia-g.png\",\"datePublished\":\"2024-06-17T18:02:33+00:00\",\"dateModified\":\"2025-01-31T14:09:29+00:00\",\"breadcrumb\":{\"@id\":\"https:\/\/www.casadocaminhoananias.org.br\/site-2024\/historia\/#breadcrumb\"},\"inLanguage\":\"pt-BR\",\"potentialAction\":[{\"@type\":\"ReadAction\",\"target\":[\"https:\/\/www.casadocaminhoananias.org.br\/site-2024\/historia\/\"]}]},{\"@type\":\"ImageObject\",\"inLanguage\":\"pt-BR\",\"@id\":\"https:\/\/www.casadocaminhoananias.org.br\/site-2024\/historia\/#primaryimage\",\"url\":\"https:\/\/www.casadocaminhoananias.org.br\/site-2024\/wp-content\/uploads\/2024\/06\/icone-historia-g.png\",\"contentUrl\":\"https:\/\/www.casadocaminhoananias.org.br\/site-2024\/wp-content\/uploads\/2024\/06\/icone-historia-g.png\",\"width\":68,\"height\":68},{\"@type\":\"BreadcrumbList\",\"@id\":\"https:\/\/www.casadocaminhoananias.org.br\/site-2024\/historia\/#breadcrumb\",\"itemListElement\":[{\"@type\":\"ListItem\",\"position\":1,\"name\":\"In\u00edcio\",\"item\":\"https:\/\/www.casadocaminhoananias.org.br\/site-2024\/\"},{\"@type\":\"ListItem\",\"position\":2,\"name\":\"Hist\u00f3ria\"}]},{\"@type\":\"WebSite\",\"@id\":\"https:\/\/www.casadocaminhoananias.org.br\/site-2024\/#website\",\"url\":\"https:\/\/www.casadocaminhoananias.org.br\/site-2024\/\",\"name\":\"Casa Anannias\",\"description\":\"Institui\u00e7\u00e3o assistencial\",\"potentialAction\":[{\"@type\":\"SearchAction\",\"target\":{\"@type\":\"EntryPoint\",\"urlTemplate\":\"https:\/\/www.casadocaminhoananias.org.br\/site-2024\/?s={search_term_string}\"},\"query-input\":\"required name=search_term_string\"}],\"inLanguage\":\"pt-BR\"}]}<\/script>\n<!-- \/ Yoast SEO plugin. -->","yoast_head_json":{"title":"Hist\u00f3ria - Casa Anannias","robots":{"index":"noindex","follow":"follow","max-snippet":"max-snippet:-1","max-image-preview":"max-image-preview:large","max-video-preview":"max-video-preview:-1"},"og_locale":"pt_BR","og_type":"article","og_title":"Hist\u00f3ria - Casa Anannias","og_url":"https:\/\/www.casadocaminhoananias.org.br\/site-2024\/historia\/","og_site_name":"Casa Anannias","article_modified_time":"2025-01-31T14:09:29+00:00","og_image":[{"url":"https:\/\/www.casadocaminhoananias.org.br\/site-2024\/wp-content\/uploads\/2024\/06\/icone-historia-g.png"}],"twitter_card":"summary_large_image","twitter_misc":{"Est. tempo de leitura":"2 minutos"},"schema":{"@context":"https:\/\/schema.org","@graph":[{"@type":"WebPage","@id":"https:\/\/www.casadocaminhoananias.org.br\/site-2024\/historia\/","url":"https:\/\/www.casadocaminhoananias.org.br\/site-2024\/historia\/","name":"Hist\u00f3ria - Casa Anannias","isPartOf":{"@id":"https:\/\/www.casadocaminhoananias.org.br\/site-2024\/#website"},"primaryImageOfPage":{"@id":"https:\/\/www.casadocaminhoananias.org.br\/site-2024\/historia\/#primaryimage"},"image":{"@id":"https:\/\/www.casadocaminhoananias.org.br\/site-2024\/historia\/#primaryimage"},"thumbnailUrl":"https:\/\/www.casadocaminhoananias.org.br\/site-2024\/wp-content\/uploads\/2024\/06\/icone-historia-g.png","datePublished":"2024-06-17T18:02:33+00:00","dateModified":"2025-01-31T14:09:29+00:00","breadcrumb":{"@id":"https:\/\/www.casadocaminhoananias.org.br\/site-2024\/historia\/#breadcrumb"},"inLanguage":"pt-BR","potentialAction":[{"@type":"ReadAction","target":["https:\/\/www.casadocaminhoananias.org.br\/site-2024\/historia\/"]}]},{"@type":"ImageObject","inLanguage":"pt-BR","@id":"https:\/\/www.casadocaminhoananias.org.br\/site-2024\/historia\/#primaryimage","url":"https:\/\/www.casadocaminhoananias.org.br\/site-2024\/wp-content\/uploads\/2024\/06\/icone-historia-g.png","contentUrl":"https:\/\/www.casadocaminhoananias.org.br\/site-2024\/wp-content\/uploads\/2024\/06\/icone-historia-g.png","width":68,"height":68},{"@type":"BreadcrumbList","@id":"https:\/\/www.casadocaminhoananias.org.br\/site-2024\/historia\/#breadcrumb","itemListElement":[{"@type":"ListItem","position":1,"name":"In\u00edcio","item":"https:\/\/www.casadocaminhoananias.org.br\/site-2024\/"},{"@type":"ListItem","position":2,"name":"Hist\u00f3ria"}]},{"@type":"WebSite","@id":"https:\/\/www.casadocaminhoananias.org.br\/site-2024\/#website","url":"https:\/\/www.casadocaminhoananias.org.br\/site-2024\/","name":"Casa Anannias","description":"Institui\u00e7\u00e3o assistencial","potentialAction":[{"@type":"SearchAction","target":{"@type":"EntryPoint","urlTemplate":"https:\/\/www.casadocaminhoananias.org.br\/site-2024\/?s={search_term_string}"},"query-input":"required name=search_term_string"}],"inLanguage":"pt-BR"}]}},"_links":{"self":[{"href":"https:\/\/www.casadocaminhoananias.org.br\/site-2024\/wp-json\/wp\/v2\/pages\/211"}],"collection":[{"href":"https:\/\/www.casadocaminhoananias.org.br\/site-2024\/wp-json\/wp\/v2\/pages"}],"about":[{"href":"https:\/\/www.casadocaminhoananias.org.br\/site-2024\/wp-json\/wp\/v2\/types\/page"}],"author":[{"embeddable":true,"href":"https:\/\/www.casadocaminhoananias.org.br\/site-2024\/wp-json\/wp\/v2\/users\/1"}],"replies":[{"embeddable":true,"href":"https:\/\/www.casadocaminhoananias.org.br\/site-2024\/wp-json\/wp\/v2\/comments?post=211"}],"version-history":[{"count":5,"href":"https:\/\/www.casadocaminhoananias.org.br\/site-2024\/wp-json\/wp\/v2\/pages\/211\/revisions"}],"predecessor-version":[{"id":504,"href":"https:\/\/www.casadocaminhoananias.org.br\/site-2024\/wp-json\/wp\/v2\/pages\/211\/revisions\/504"}],"wp:attachment":[{"href":"https:\/\/www.casadocaminhoananias.org.br\/site-2024\/wp-json\/wp\/v2\/media?parent=211"}],"curies":[{"name":"wp","href":"https:\/\/api.w.org\/{rel}","templated":true}]}}