{"id":264,"date":"2024-06-18T13:12:18","date_gmt":"2024-06-18T16:12:18","guid":{"rendered":"https:\/\/www.casadocaminhoananias.org.br\/site-2024\/?page_id=264"},"modified":"2024-06-18T13:34:02","modified_gmt":"2024-06-18T16:34:02","slug":"proposito","status":"publish","type":"page","link":"https:\/\/www.casadocaminhoananias.org.br\/site-2024\/proposito\/","title":{"rendered":"Prop\u00f3sito"},"content":{"rendered":"<p>[et_pb_section fb_built=&#8221;1&#8243; _builder_version=&#8221;4.25.1&#8243; _module_preset=&#8221;default&#8221; background_color=&#8221;gcid-6156b3d8-6c11-4884-a7ce-8b3d14e5045e&#8221; global_colors_info=&#8221;{%22gcid-6156b3d8-6c11-4884-a7ce-8b3d14e5045e%22:%91%22background_color%22%93}&#8221;][et_pb_row _builder_version=&#8221;4.25.1&#8243; _module_preset=&#8221;default&#8221; global_colors_info=&#8221;{}&#8221;][et_pb_column type=&#8221;4_4&#8243; _builder_version=&#8221;4.25.1&#8243; _module_preset=&#8221;default&#8221; background_enable_image=&#8221;off&#8221; background_size=&#8221;initial&#8221; background_position=&#8221;bottom_left&#8221; background_horizontal_offset=&#8221;0%&#8221; background_vertical_offset=&#8221;21px&#8221; custom_padding=&#8221;|||20px|false|false&#8221; global_colors_info=&#8221;{}&#8221;][et_pb_text _builder_version=&#8221;4.25.1&#8243; _module_preset=&#8221;default&#8221; text_font=&#8221;Abril Fatface||||||||&#8221; text_text_color=&#8221;gcid-dcd3b076-21aa-447c-8618-785c2f9b9144&#8243; text_font_size=&#8221;42px&#8221; text_line_height=&#8221;60px&#8221; hover_enabled=&#8221;0&#8243; text_font_size_tablet=&#8221;36px&#8221; text_font_size_phone=&#8221;32px&#8221; text_font_size_last_edited=&#8221;on|phone&#8221; global_colors_info=&#8221;{%22gcid-dcd3b076-21aa-447c-8618-785c2f9b9144%22:%91%22text_text_color%22%93}&#8221; sticky_enabled=&#8221;0&#8243;]<img loading=\"lazy\" decoding=\"async\" src=\"https:\/\/www.casadocaminhoananias.org.br\/site-2024\/wp-content\/uploads\/2024\/06\/icone-quem-foi.png\" width=\"141\" height=\"66\" alt=\"\" class=\"wp-image-271 alignnone size-full\"  style=\"margin: 0 10px -15px 10px;max-\"\/><!--img src=\"https:\/\/www.casadocaminhoananias.org.br\/site-2024\/wp-content\/uploads\/2024\/06\/icone-voluntariado.png\" width=\"142\" height=\"22\" alt=\"\" class=\"wp-image-177 alignnone size-full\" style=\"margin: 0 10px;\"\/--> Quem foi Ananias?[\/et_pb_text][\/et_pb_column][\/et_pb_row][\/et_pb_section][et_pb_section fb_built=&#8221;1&#8243; _builder_version=&#8221;4.25.1&#8243; _module_preset=&#8221;default&#8221; background_color=&#8221;gcid-dcd3b076-21aa-447c-8618-785c2f9b9144&#8243; background_image=&#8221;https:\/\/www.casadocaminhoananias.org.br\/site-2024\/wp-content\/uploads\/2024\/06\/quem-foi-fundo.jpg&#8221; custom_margin=&#8221;0px||0px||true|false&#8221; custom_padding=&#8221;||||true|false&#8221; hover_enabled=&#8221;0&#8243; global_colors_info=&#8221;{%22gcid-dcd3b076-21aa-447c-8618-785c2f9b9144%22:%91%22background_color%22%93}&#8221; title_text=&#8221;quem-foi-fundo&#8221; sticky_enabled=&#8221;0&#8243;][et_pb_row _builder_version=&#8221;4.25.1&#8243; _module_preset=&#8221;default&#8221; global_colors_info=&#8221;{}&#8221;][et_pb_column type=&#8221;4_4&#8243; _builder_version=&#8221;4.25.1&#8243; _module_preset=&#8221;default&#8221; global_colors_info=&#8221;{}&#8221;][et_pb_text _builder_version=&#8221;4.25.1&#8243; _module_preset=&#8221;default&#8221; text_font=&#8221;Barlow||||||||&#8221; text_text_color=&#8221;#FFFFFF&#8221; text_orientation=&#8221;center&#8221; module_alignment=&#8221;left&#8221; hover_enabled=&#8221;0&#8243; global_colors_info=&#8221;{}&#8221; sticky_enabled=&#8221;0&#8243;]Residente da cidade de Damasco, capital da S\u00edria, Ananias foi um dos 70 disc\u00edpulos de Jesus (Lucas 10:1). Era um judeu fiel, que respeitava as leis vigentes e gozava de uma excelente reputa\u00e7\u00e3o entre a popula\u00e7\u00e3o de sua regi\u00e3o. <\/p>\n<p>Ananias foi chamado pelo Senhor para uma miss\u00e3o especial. Ele deveria fazer contato com um homem que viria a Damasco e que Deus pretendia usar para levar o Evangelho aos gentios (n\u00e3o hebreus). <\/p>\n<p>O Senhor falou com Ananias em uma vis\u00e3o e o capacitou de forma que pudesse impor as m\u00e3os sobre um homem cego que precisava recuperar a vis\u00e3o.<\/p>\n<p>O homem a quem Ananias fora enviado era o oponente mais not\u00f3rio do cristianismo: Saulo de Tarso. Saulo disse em um julgamento que estava t\u00e3o demasiadamente enfurecido com os disc\u00edpulos que, muitas vezes, obrigava-os at\u00e9 a blasfemar e que, sem miseric\u00f3rdia, os perseguia mesmo por cidades estranhas. <\/p>\n<p>Ananias falou ao Senhor: \u201cDe muitos tenho ouvido a respeito desse homem, quantos males tem feito aos teus santos em Jerusal\u00e9m; e para aqui trouxe autoriza\u00e7\u00e3o dos principais sacerdotes para prender a todos os que invocam o teu nome\u201d.<\/p>\n<p>No caminho de Jerusal\u00e9m para Damasco, Saulo encontrou Jesus. Enquanto uma luz brilhante marcava o c\u00e9u, ele caiu por terra e ouviu uma voz perguntar: \u201cSaulo, Saulo, por que me persegues?\u201d. Saulo ent\u00e3o respondeu: \u201cQuem \u00e9s tu, senhor?\u201d. A voz lhe replicou: \u201cEu sou Jesus, a quem tu persegues; mas levanta-te e entra na cidade, onde te dir\u00e3o o que te conv\u00e9m fazer\u201d. Os companheiros de Saulo ouviram a voz, mas n\u00e3o viram ningu\u00e9m. <\/p>\n<p>Saulo ficou cego, e foi levado \u00e0 casa de Judas, na rua Direita, em Damasco, onde ficou tr\u00eas dias sem comer e sem beber.<\/p>\n<p>O Senhor explicou a Ananias onde encontrar Saulo. Orando, ele entrou na casa, curou Saulo e lhe falou sobre Jesus. \u201cE agora, por que te demoras? Levanta-te, recebe o batismo e lava os teus pecados, invocando o nome Dele\u201d, disse Ananias. Saulo se levantou, foi batizado por Ananias e ficou alguns dias em Damasco, com os mesmos disc\u00edpulos que tinha planejado perseguir. <\/p>\n<p>Apesar de sua miss\u00e3o e atua\u00e7\u00e3o corajosa, Ananias nunca recebeu uma  men\u00e7\u00e3o especial por parte dos escritores.[\/et_pb_text][\/et_pb_column][\/et_pb_row][\/et_pb_section]<\/p>\n","protected":false},"excerpt":{"rendered":"<p>Quem foi Ananias?Residente da cidade de Damasco, capital da S\u00edria, Ananias foi um dos 70 disc\u00edpulos de Jesus (Lucas 10:1). Era um judeu fiel, que respeitava as leis vigentes e [&hellip;]<\/p>\n","protected":false},"author":1,"featured_media":0,"parent":0,"menu_order":0,"comment_status":"closed","ping_status":"closed","template":"","meta":{"_et_pb_use_builder":"on","_et_pb_old_content":"","_et_gb_content_width":"","footnotes":""},"class_list":["post-264","page","type-page","status-publish","hentry"],"yoast_head":"<!-- This site is optimized with the Yoast SEO plugin v22.8 - https:\/\/yoast.com\/wordpress\/plugins\/seo\/ -->\n<title>Prop\u00f3sito - Casa Anannias<\/title>\n<meta name=\"robots\" content=\"noindex, follow, max-snippet:-1, max-image-preview:large, max-video-preview:-1\" \/>\n<meta property=\"og:locale\" content=\"pt_BR\" \/>\n<meta property=\"og:type\" content=\"article\" \/>\n<meta property=\"og:title\" content=\"Prop\u00f3sito - Casa Anannias\" \/>\n<meta property=\"og:description\" content=\"Quem foi Ananias?Residente da cidade de Damasco, capital da S\u00edria, Ananias foi um dos 70 disc\u00edpulos de Jesus (Lucas 10:1). Era um judeu fiel, que respeitava as leis vigentes e [&hellip;]\" \/>\n<meta property=\"og:url\" content=\"https:\/\/www.casadocaminhoananias.org.br\/site-2024\/proposito\/\" \/>\n<meta property=\"og:site_name\" content=\"Casa Anannias\" \/>\n<meta property=\"article:modified_time\" content=\"2024-06-18T16:34:02+00:00\" \/>\n<meta property=\"og:image\" content=\"https:\/\/www.casadocaminhoananias.org.br\/site-2024\/wp-content\/uploads\/2024\/06\/icone-quem-foi.png\" \/>\n<meta name=\"twitter:card\" content=\"summary_large_image\" \/>\n<meta name=\"twitter:label1\" content=\"Est. tempo de leitura\" \/>\n\t<meta name=\"twitter:data1\" content=\"2 minutos\" \/>\n<script type=\"application\/ld+json\" class=\"yoast-schema-graph\">{\"@context\":\"https:\/\/schema.org\",\"@graph\":[{\"@type\":\"WebPage\",\"@id\":\"https:\/\/www.casadocaminhoananias.org.br\/site-2024\/proposito\/\",\"url\":\"https:\/\/www.casadocaminhoananias.org.br\/site-2024\/proposito\/\",\"name\":\"Prop\u00f3sito - Casa Anannias\",\"isPartOf\":{\"@id\":\"https:\/\/www.casadocaminhoananias.org.br\/site-2024\/#website\"},\"primaryImageOfPage\":{\"@id\":\"https:\/\/www.casadocaminhoananias.org.br\/site-2024\/proposito\/#primaryimage\"},\"image\":{\"@id\":\"https:\/\/www.casadocaminhoananias.org.br\/site-2024\/proposito\/#primaryimage\"},\"thumbnailUrl\":\"https:\/\/www.casadocaminhoananias.org.br\/site-2024\/wp-content\/uploads\/2024\/06\/icone-quem-foi.png\",\"datePublished\":\"2024-06-18T16:12:18+00:00\",\"dateModified\":\"2024-06-18T16:34:02+00:00\",\"breadcrumb\":{\"@id\":\"https:\/\/www.casadocaminhoananias.org.br\/site-2024\/proposito\/#breadcrumb\"},\"inLanguage\":\"pt-BR\",\"potentialAction\":[{\"@type\":\"ReadAction\",\"target\":[\"https:\/\/www.casadocaminhoananias.org.br\/site-2024\/proposito\/\"]}]},{\"@type\":\"ImageObject\",\"inLanguage\":\"pt-BR\",\"@id\":\"https:\/\/www.casadocaminhoananias.org.br\/site-2024\/proposito\/#primaryimage\",\"url\":\"https:\/\/www.casadocaminhoananias.org.br\/site-2024\/wp-content\/uploads\/2024\/06\/icone-quem-foi.png\",\"contentUrl\":\"https:\/\/www.casadocaminhoananias.org.br\/site-2024\/wp-content\/uploads\/2024\/06\/icone-quem-foi.png\",\"width\":141,\"height\":66},{\"@type\":\"BreadcrumbList\",\"@id\":\"https:\/\/www.casadocaminhoananias.org.br\/site-2024\/proposito\/#breadcrumb\",\"itemListElement\":[{\"@type\":\"ListItem\",\"position\":1,\"name\":\"In\u00edcio\",\"item\":\"https:\/\/www.casadocaminhoananias.org.br\/site-2024\/\"},{\"@type\":\"ListItem\",\"position\":2,\"name\":\"Prop\u00f3sito\"}]},{\"@type\":\"WebSite\",\"@id\":\"https:\/\/www.casadocaminhoananias.org.br\/site-2024\/#website\",\"url\":\"https:\/\/www.casadocaminhoananias.org.br\/site-2024\/\",\"name\":\"Casa Anannias\",\"description\":\"Institui\u00e7\u00e3o assistencial\",\"potentialAction\":[{\"@type\":\"SearchAction\",\"target\":{\"@type\":\"EntryPoint\",\"urlTemplate\":\"https:\/\/www.casadocaminhoananias.org.br\/site-2024\/?s={search_term_string}\"},\"query-input\":\"required name=search_term_string\"}],\"inLanguage\":\"pt-BR\"}]}<\/script>\n<!-- \/ Yoast SEO plugin. -->","yoast_head_json":{"title":"Prop\u00f3sito - Casa Anannias","robots":{"index":"noindex","follow":"follow","max-snippet":"max-snippet:-1","max-image-preview":"max-image-preview:large","max-video-preview":"max-video-preview:-1"},"og_locale":"pt_BR","og_type":"article","og_title":"Prop\u00f3sito - Casa Anannias","og_description":"Quem foi Ananias?Residente da cidade de Damasco, capital da S\u00edria, Ananias foi um dos 70 disc\u00edpulos de Jesus (Lucas 10:1). Era um judeu fiel, que respeitava as leis vigentes e [&hellip;]","og_url":"https:\/\/www.casadocaminhoananias.org.br\/site-2024\/proposito\/","og_site_name":"Casa Anannias","article_modified_time":"2024-06-18T16:34:02+00:00","og_image":[{"url":"https:\/\/www.casadocaminhoananias.org.br\/site-2024\/wp-content\/uploads\/2024\/06\/icone-quem-foi.png"}],"twitter_card":"summary_large_image","twitter_misc":{"Est. tempo de leitura":"2 minutos"},"schema":{"@context":"https:\/\/schema.org","@graph":[{"@type":"WebPage","@id":"https:\/\/www.casadocaminhoananias.org.br\/site-2024\/proposito\/","url":"https:\/\/www.casadocaminhoananias.org.br\/site-2024\/proposito\/","name":"Prop\u00f3sito - Casa Anannias","isPartOf":{"@id":"https:\/\/www.casadocaminhoananias.org.br\/site-2024\/#website"},"primaryImageOfPage":{"@id":"https:\/\/www.casadocaminhoananias.org.br\/site-2024\/proposito\/#primaryimage"},"image":{"@id":"https:\/\/www.casadocaminhoananias.org.br\/site-2024\/proposito\/#primaryimage"},"thumbnailUrl":"https:\/\/www.casadocaminhoananias.org.br\/site-2024\/wp-content\/uploads\/2024\/06\/icone-quem-foi.png","datePublished":"2024-06-18T16:12:18+00:00","dateModified":"2024-06-18T16:34:02+00:00","breadcrumb":{"@id":"https:\/\/www.casadocaminhoananias.org.br\/site-2024\/proposito\/#breadcrumb"},"inLanguage":"pt-BR","potentialAction":[{"@type":"ReadAction","target":["https:\/\/www.casadocaminhoananias.org.br\/site-2024\/proposito\/"]}]},{"@type":"ImageObject","inLanguage":"pt-BR","@id":"https:\/\/www.casadocaminhoananias.org.br\/site-2024\/proposito\/#primaryimage","url":"https:\/\/www.casadocaminhoananias.org.br\/site-2024\/wp-content\/uploads\/2024\/06\/icone-quem-foi.png","contentUrl":"https:\/\/www.casadocaminhoananias.org.br\/site-2024\/wp-content\/uploads\/2024\/06\/icone-quem-foi.png","width":141,"height":66},{"@type":"BreadcrumbList","@id":"https:\/\/www.casadocaminhoananias.org.br\/site-2024\/proposito\/#breadcrumb","itemListElement":[{"@type":"ListItem","position":1,"name":"In\u00edcio","item":"https:\/\/www.casadocaminhoananias.org.br\/site-2024\/"},{"@type":"ListItem","position":2,"name":"Prop\u00f3sito"}]},{"@type":"WebSite","@id":"https:\/\/www.casadocaminhoananias.org.br\/site-2024\/#website","url":"https:\/\/www.casadocaminhoananias.org.br\/site-2024\/","name":"Casa Anannias","description":"Institui\u00e7\u00e3o assistencial","potentialAction":[{"@type":"SearchAction","target":{"@type":"EntryPoint","urlTemplate":"https:\/\/www.casadocaminhoananias.org.br\/site-2024\/?s={search_term_string}"},"query-input":"required name=search_term_string"}],"inLanguage":"pt-BR"}]}},"_links":{"self":[{"href":"https:\/\/www.casadocaminhoananias.org.br\/site-2024\/wp-json\/wp\/v2\/pages\/264"}],"collection":[{"href":"https:\/\/www.casadocaminhoananias.org.br\/site-2024\/wp-json\/wp\/v2\/pages"}],"about":[{"href":"https:\/\/www.casadocaminhoananias.org.br\/site-2024\/wp-json\/wp\/v2\/types\/page"}],"author":[{"embeddable":true,"href":"https:\/\/www.casadocaminhoananias.org.br\/site-2024\/wp-json\/wp\/v2\/users\/1"}],"replies":[{"embeddable":true,"href":"https:\/\/www.casadocaminhoananias.org.br\/site-2024\/wp-json\/wp\/v2\/comments?post=264"}],"version-history":[{"count":5,"href":"https:\/\/www.casadocaminhoananias.org.br\/site-2024\/wp-json\/wp\/v2\/pages\/264\/revisions"}],"predecessor-version":[{"id":275,"href":"https:\/\/www.casadocaminhoananias.org.br\/site-2024\/wp-json\/wp\/v2\/pages\/264\/revisions\/275"}],"wp:attachment":[{"href":"https:\/\/www.casadocaminhoananias.org.br\/site-2024\/wp-json\/wp\/v2\/media?parent=264"}],"curies":[{"name":"wp","href":"https:\/\/api.w.org\/{rel}","templated":true}]}}